2). Let h = -8 - g. What is the remainder when h is divided by 9?
8
Let o = 61 - 37. Let u = o - -34. Let i = 97 - u. Calculate the remainder when i is divided by 21.
18
Calculate the remainder when 536 is divided by 2180/40 + (-2)/4.
50
Suppose 3*z = y - 13, z - 2 = -1. What is the remainder when -5*(-8 - 273/65) is divided by y?
13
Suppose -43 - 17 = -4*u. Let m(l) = 12*l - 14. What is the remainder when m(u) is divided by 21?
19
Let i = 3 + 4. Let t = 23 - 12. Calculate the remainder when (-1 + t)*(1 - -1) is divided by i.
6
Let z(o) be the second derivative of o**4/3 + 2*o**3/3 + 3*o**2/2 + 8*o. Calculate the remainder when z(-4) is divided by 13.
12
Suppose 13*f + 3*f = 592. What is the remainder when 106 is divided by f?
32
Suppose -6*j + 10 = -4*j. Suppose 0*w - w = j*o - 16, -o = -3*w + 16. Suppose -80 = -w*d - 26. What is the remainder when 34 is divided by d?
7
Let y(v) = -v**3 - 2*v**2 + 3*v - 4. Calculate the remainder when y(-7) is divided by 37.
35
Suppose -s - 3*p = 12 + 3, p = s - 5. Suppose 0 = q - 3*t - s - 29, 5*t - 45 = -5*q. What is the remainder when q is divided by 6?
2
Suppose 4*j - c + 15 = 0, -j - 10 = j + 2*c. Let s = 14 - 7. Calculate the remainder when (-4)/6*66/j is divided by s.
4
Let u(s) = -s - 3. Let i be u(0). Let g be (6/i)/(3/54). Calculate the remainder when 21 is divided by 192/g*3/(-2).
5
Let s(u) = u**2 + u - 1. Let a be s(2). Suppose a*i - 336 - 109 = 0. Calculate the remainder when i is divided by 46.
43
Let m be -30*4*(-1)/6. Suppose m = 8*h - 3*h. Suppose 0 = h*x + 2*p - 34, 0*x = -2*x - 2*p + 16. What is the remainder when 25 is divided by x?
7
Let o(v) = -v**2 + 7*v. Let x be o(7). Let a be 1 + (-2)/(-4)*x. Calculate the remainder when -1 + a + -4 - -53 is divided by 13.
10
Suppose -5*p + 8 = -7. Suppose b + p*f - 40 = 0, 0 = 3*b - 3*f - 2*f - 50. Calculate the remainder when 71 is divided by b.
21
Suppose 130 = 24*v - 614. What is the remainder when 339 is divided by v?
29
Let s(a) = a + 2. Let r be (-9)/4 - 36/48. Let w be s(r). Let u(c) = -53*c + 1. Calculate the remainder when u(w) is divided by 14.
12
Let q(j) = -j**3 - 4*j**2 - j - 3. Let v be q(-3). What is the remainder when 21 is divided by -18*(2 + 21/v)?
3
Let v = -124 - -139. Let k(z) = z**2 - 5*z - 2. Let g be k(6). Suppose -8 = -4*y, -3*w - 106 = -5*w + g*y. Calculate the remainder when w is divided by v.
12
Let h(o) = -2*o**3 + 26*o**2 - 13*o - 11. Calculate the remainder when h(12) is divided by 30.
1
Let p = 229 + -207. What is the remainder when 40 is divided by p?
18
Let i = -31 + 35. Suppose -4*s - s = i*k - 117, -3*k - 12 = -s. Calculate the remainder when 82 is divided by s.
19
Let n(a) = 15*a**2 - 18*a - 48. Calculate the remainder when n(-3) is divided by 40.
21
Calculate the remainder when 111 is divided by (4 - 0/4)*(-42)/(-3).
55
Let r(g) = -2*g + 27. Let n = 1 - -1. What is the remainder when n is divided by r(13)?
0
Suppose -31 = -p - r, -5*p - 5*r = -10*r - 125. What is the remainder when p is divided by 8?
4
Let b(u) = -7*u - 19. Let g be -1*(4 + -3 + 2). Calculate the remainder when b(-10) is divided by 3/g*(-14 + 1).
12
Let v = 21 + -16. Let s(p) = p**2 + 6*p - 11. Calculate the remainder when s(4) is divided by v.
4
Suppose -d + 2*m = -63, -m + 88 = 3*d - 101. Suppose -7*r = -0*r - d. Calculate the remainder when r is divided by 6.
3
Let f(d) = -6*d - 39. Let l be f(11). Let u = l + 123. Calculate the remainder when u is divided by 3.
0
Suppose -3*t - 75 = -4*t + i, -4*t + 305 = -5*i. Let r = -27 + 12. Let g = r + 39. What is the remainder when t is divided by g?
22
Let x = 78 + -56. Suppose 0 = -5*u + 23 + x. Let g = u - 6. What is the remainder when 3 is divided by g?
0
Suppose 5*r = -5, -r = 5*v - 2*r - 51. Let m be (-2)/3 + 34/6. Suppose m*w - 122 = 53. Calculate the remainder when w is divided by v.
5
Let t(k) = 3*k**2 + 98*k + 70. Calculate the remainder when t(0) is divided by (23 - -1)*1/2.
10
Let i = 4 + -5. Let w be (-30)/21*(-8 - i). Let c = 25 - w. Calculate the remainder when 43 is divided by c.
13
Suppose 4*t - 17 = -2*s + 7, -t = 3*s - 61. Suppose l = -l - s. Let v = l - -13. What is the remainder when 4 is divided by v?
0
Let l(f) = 2*f**2 - 30*f + 6. Let w(b) = -11*b**3 - 1. Let i be ((-3)/3)/(-1) + -2. Calculate the remainder when l(16) is divided by w(i).
8
Let q(i) = 2*i**3 - 6*i**2 + 6*i - 49. What is the remainder when 321 is divided by q(5)?
78
Let y = 1028 + -999. What is the remainder when 259 is divided by y?
27
Let y = -207 + 209. Suppose -z = y*r - 4*r + 58, 4*r = -5*z + 116. Suppose 2*h = 0, -5*l + 46 = 3*h - 229. Calculate the remainder when l is divided by r.
26
Suppose 0 = -9*t + 12 + 123. What is the remainder when 51 is divided by t?
6
Let d(k) = 7*k**2 - 3*k - 3. Let i be d(-5). Suppose -4*y = m - 0*m - i, 4*y - 167 = -5*m. What is the remainder when y is divided by (-2)/(-8) - (-102)/8?
9
Let j(i) = i**2 - 11*i + 2. Let u be j(11). Suppose u*l - 4*l + 22 = 0. Calculate the remainder when 31 is divided by l.
9
Suppose -1 - 589 = -2*o - 4*r, 4*r = 5*o - 1405. Calculate the remainder when o is divided by 32.
29
Calculate the remainder when (38599/363)/(2 + (-5)/3) is divided by 98.
25
Suppose 0 = -m - 5, 14*v + 3*m + 231 = 18*v. What is the remainder when 158 is divided by v?
50
What is the remainder when 46 is divided by (-1)/((-4)/42 + 13/357)?
12
Let n(m) = -14*m + 290. What is the remainder when n(0) is divided by 73?
71
Let k(g) be the first derivative of -g**4/4 + 2*g**3 + 4*g**2 - 2*g - 95. Suppose 2*i - 35 = -3*i. What is the remainder when 19 is divided by k(i)?
4
Suppose 3*w = -4*u + 50, -6*u + 5*u - w + 13 = 0. Let i(n) = 6*n + 87. What is the remainder when i(-11) is divided by u?
10
Suppose 2*g + g - 206 = -2*n, 3*n = 4*g + 326. Suppose -5*j + 3*c = -123, 6*j - c = 4*j + 50. Calculate the remainder when n is divided by j.
25
Suppose -6*i + 9*i - 45 = 0. Suppose 0 = 2*k - 3*k + i. Let d = 9 + -3. Calculate the remainder when k is divided by d.
3
Suppose 18*o + 22*o = 2480. What is the remainder when 988 is divided by o?
58
Let v = -5 - -10. Suppose -7*g + 11*g - 29 = -5*r, 2*r + 2*g = 14. What is the remainder when v is divided by r?
0
Let a = 94 + -20. What is the remainder when 218 is divided by a?
70
Let z(x) = -x**3 + 6. Let f be z(0). Let w(y) = -y**2 + 12*y - 7. What is the remainder when w(f) is divided by 15?
14
Suppose 4*s + 26 = -38. Let c be 90/(4/s*-6). Suppose -3*q - c = -6*q. Calculate the remainder when q is divided by 7.
6
Calculate the remainder when 453 + 0 + (5 - (-8 - -14)) is divided by 111.
8
Let a = 309 - 111. Suppose -4*l = 2*l - a. What is the remainder when l is divided by (1/2)/(2/28)?
5
Suppose -b = 5*x - 325, -2*b + 635 = 86*x - 81*x. Calculate the remainder when b is divided by 12.
10
Let m(g) be the second derivative of -g**5/20 - 5*g**4/12 - g**3/2 - 7*g**2 + 4*g. Suppose 3 - 17 = -u. Calculate the remainder when m(-6) is divided by u.
12
Let j(w) = -w + 24. Let g = -787 - -833. Calculate the remainder when g is divided by j(0).
22
Suppose 3*b - 89 = 2*b. Suppose 70 = -200*m + 207*m. Calculate the remainder when b is divided by m.
9
Suppose -u - 21*s + 42 = -25*s, 3*s + 41 = u. What is the remainder when 260 is divided by u?
32
Suppose 0 = -8*a + 6*a + 12. Suppose -3*j = a*j - 54. Calculate the remainder when j is divided by 4.
2
Let v = 30 - -48. Suppose -2*b - p = 3*b - v, 2*b - 27 = p. What is the remainder when 63/(-2)*(-12)/9 is divided by b?
12
Let i = 151 - 115. Calculate the remainder when -2 - ((-1089)/i)/((-1)/(-4)) is divided by 12.
11
Let w = -18 - -10. Let t(j) = -j**2 - 8*j + 1. Let r be t(-6). Let m = r + w. What is the remainder when m is divided by 2?
1
Let u be (0 - (1 + -2))*2. Suppose -u*c + 5*c = 120. What is the remainder when 117 is divided by c?
37
Suppose 4*r - 12 = -4*v, -5*r + r + 26 = -3*v. Let k = 15 - v. What is the remainder when k is divided by 9?
8
What is the remainder when 46 is divided by 115/5 - (-45)/5?
14
Let p = -55 + 92. What is the remainder when p is divided by 24?
13
Suppose 2*d + 9 = -3*i, i = 4*d - 2*i - 9. Suppose -o + 28 = -2*k, -o + 6*o - 3*k - 112 = d. Calculate the remainder when o is divided by 8.
4
Let k = 56 + 18. What is the remainder when 289 is divided by k?
67
Let v(d) = 13*d 